0011110112010
In base 12, what is 1743a07 - -83?
1743a8a
In base 4, what is 3001312332030 + 10?
3001312332100
In base 14, what is 13a5d + -65d?
13400
In base 16, what is 3 + -5b3aab?
-5b3aa8
In base 3, what is -102 - 21022010121000?
-21022010121102
In base 11, what is -1923 + 25518?
236a5
In base 12, what is 200410b + -4?
2004107
In base 6, what is -3455 + 14315?
10420
In base 5, what is 2 + -103021012?
-103021010
In base 12, what is -374 + 8221?
7a69
In base 8, what is 1212525 - 501?
1212024
In base 15, what is 1ac4475 - -5?
1ac447a
In base 4, what is -303332312 - -1111221?
-302221031
In base 14, what is -14d655 + 34?
-14d621
In base 11, what is -4 - -17542581?
17542578
In base 14, what is -5 + 1bc0b324?
1bc0b31d
In base 3, what is -2011 + -22022201?
-22101212
In base 7, what is 1152440016 - -6?
1152440025
In base 16, what is e45f8f - -3?
e45f92
In base 2, what is -100110000100111110001101110 - 1?
-100110000100111110001101111
In base 7, what is -5 - 314656242?
-314656250
In base 10, what is -19 - 363167?
-363186
In base 8, what is -1256 + 4764?
3506
In base 16, what is -11 - -7a0c17?
7a0c06
In base 11, what is -7395533 + 7?
-7395527
In base 15, what is -2dd - 71a7d?
-71d6b
In base 9, what is -3 + 20723277?
20723274
In base 14, what is 153 - -19d8c?
1a101
In base 3, what is -121100220 + 102200?
-120221020
In base 14, what is -1 - 5c1c03?
-5c1c04
In base 2, what is -10011 + -1001101000101000110?
-1001101000101011001
In base 11, what is 7501 + -16914?
-a413
In base 15, what is -16d3866 + -2?
-16d3868
In base 3, what is -1020020211 - -1022122?
-1011221012
In base 10, what is 1 + 64399885?
64399886
In base 10, what is 846268 + -177?
846091
In base 10, what is 3 + 8254500?
8254503
In base 5, what is 213 - 203232133?
-203231420
In base 14, what is -2c34333 + d?
-2c34324
In base 5, what is 4420342 + 1104?
4422001
In base 8, what is -2077 - 64517?
-66616
In base 13, what is -71aac - -19ca?
-700b2
In base 3, what is -2220112211200112212 + -12?
-2220112211200120001
In base 8, what is 15 + 1515002?
1515017
In base 5, what is -3233021 - 1241?
-3234312
In base 2, what is -100 + 10001111110100111010111?
10001111110100111010011
In base 15, what is 6e + -40a8?
-4039
In base 11, what is 41a8556 + -5?
41a8551
In base 11, what is -3a814 - 3740?
-43454
In base 2, what is 100110101 + -1001011100?
-100100111
In base 3, what is -10202222021122 + 1?
-10202222021121
In base 13, what is -1841992 - 1?
-1841993
In base 16, what is 0 + 475c35d?
475c35d
In base 16, what is 9179 - 45a?
8d1f
In base 7, what is 3 + 43553012?
43553015
In base 15, what is 17b22 - 6b?
17aa6
In base 6, what is 21111025 - -2?
21111031
In base 8, what is -3 - 351701704?
-351701707
In base 12, what is 552941 - 19?
552924
In base 8, what is 5 - -22706773?
22707000
In base 11, what is -7a3 - 83a8a?
-84782
In base 13, what is -195 + -199b52?
-19a017
In base 8, what is -15 + -453462?
-453477
In base 14, what is 20b0 - 7a18?
-5948
In base 13, what is 211109 - 17?
2110c2
In base 6, what is 5 + 24501415230?
24501415235
In base 13, what is 2896 - 1036?
1860
In base 4, what is 332122 + 231201?
1223323
In base 5, what is 44 - -1310102432?
1310103031
In base 4, what is -113122013 + -1011?
-113123030
In base 7, what is -2100 + 1444054?
1441654
In base 7, what is -3426226 + 2113?
-3424113
In base 5, what is -321340 - -2340?
-314000
In base 14, what is 33c26b + 241?
33c4ac
In base 9, what is -42 - 106773?
-106825
In base 13, what is -20aa90 + 29?
-20aa64
In base 9, what is -127668 + -534?
-128313
In base 5, what is -430 - 1301012223?
-1301013203
In base 11, what is 1039898a - 1?
10398989
In base 3, what is 12000201112220 + 0?
12000201112220
In base 12, what is b555a1 - 2?
b5559b
In base 13, what is 5c29a - ac?
5c1bb
In base 9, what is -205545777 - -3?
-205545774
In base 12, what is 38a06 + 299?
390a3
In base 3, what is 11020010201111222 - -12?
11020010201112011
In base 8, what is -307 - 205376?
-205705
In base 9, what is -1223588061 + 4?
-1223588056
In base 2, what is 1001101000100010 + -10011?
1001101000001111
In base 15, what is de567 - -66?
de5cd
In base 14, what is -40 - 39370?
-393b0
In base 5, what is 112 - 11133403023?
-11133402411
In base 11, what is a80 - 6a43a?
-6946a
In base 3, what is 1011102202121002 - -212?
1011102202121221
In base 7, what is 526 - -13201?
14030
In base 10, what is -4 - 21170033?
-21170037
In base 6, what is -5 - 1055404325?
-1055404334
In base 10, what is 11 - -4657144?
4657155
In base 4, what is -2110331 + -130201?
-2301132
In base 5, what is -23 + 24000241410?
24000241332
In base 5, what is 3 - -24103304131?
24103304134
In base 14, what is 1 - 61761b7?
-61761b6
In base 4, what is 1103 - -1330310030?
1330311133
In base 15, what is 2b6b8c - -2?
2b6b8e
In base 3, what is -1000122122 - 10111?
-1000210010
In base 7, what is 1 - 1601203034?
-1601203033
In base 12, what is 6a - 9a375?
-9a307
In base 12, what is -5a2b7 + -1a39?
-60134
In base 4, what is -3032 + -103132?
-112230
In base 15, what is -776c4 - -b0?
-77614
In base 3, what is -22022201211221 - -11?
-22022201211210
In base 11, what is -375 - -1092994?
109261a
In base 2, what is -11001011101110101101 - -100010?
-11001011101110001011
In base 2, what is 10110011 - -10010011000011111?
10010011011010010
In base 6, what is -21422 - -24115?
2253
In base 16, what is 38ef + 1a1?
3a90
In base 6, what is -5510314 + -103?
-5510421
In base 6, what is 2322254 - -13345?
2340043
In base 5, what is -2 + 12003403143?
12003403141
In base 15, what is -41e480 - d?
-41e48d
In base 6, what is -10420 - 545?
-11405
In base 8, what is -255275 - -55?
-255220
In base 12, what is -159b723 - -8?
-159b717
In base 8, what is 7033264 - -2?
7033266
In base 8, what is 144260 - -2?
144262
In base 2, what is -100100000000111000011 + -11010010?
-100100000001010010101
In base 4, what is -131311 - -1201111?
1003200
In base 13, what is 26ac0b85 + -2?
26ac0b83
In base 8, what is 13366232 - -34?
13366266
In base 10, what is 1615 - 25314?
-23699
In base 4, what is -21212202 + 313302?
-20232300
In base 2, what is -1011 + 10101011000011011010000?
10101011000011011000101
In base 15, what is -25 + 9460c?
945d7
In base 13, what is -10180 - -501?
-c97c
In base 6, what is -20113555 + -4533?
-20122532
In base 14, what is 3 - -4d86c3?
4d86c6
In base 5, what is -1 + 21433443043?
21433443042
In base 8, what is -377 - -207303?
206704
In base 13, what is 223a4244 - 1?
223a4243
In base 3, what is 1012002 + 2111021201?
2112110210
In base 14, what is 1dbc7 - -637?
20420
In base 2, what is 1010011110010100011011110000 + -101?
1010011110010100011011101011
In base 4, what is -210321 - 2013200?
-2230121
In base 3, what is 112000111 + 12100001?
201100112
In base 3, what is -212100201 - 212101?
-220020002
In base 11, what is a67 + -11097?
-10130
In base 16, what is 5 - c68f99?
-c68f94
In base 8, what is 1 + -266015?
-266014
In base 5, what is -22101113 - 4?
-22101122
In base 15, what is -55 + 708995?
708940
In base 15, what is 1928 - 1279?
69e
In base 14, what is 3 - -212?
215
In base 4, what is 21112 + 3300001?
3321113
In base 7, what is -12152504 - -20?
-12152454
In base 10, what is 3 - 29024908?
-29024905
In base 8, what is 16670 + 536?
17426
In base 4, what is 2021303 + 121010?
2202313
In base 12, what is 4 - 71ba71b?
-71ba717
In base 13, what is 4ac3813 + 3?
4ac3816
In base 10, what is 750 - -10540?
11290
In base 5, what is 1041011221 - 111?
1041011110
In base 12, what is -141805b - -5?
-1418056
In base 3, what is 1211 - -2001122210021?
2001122212002
In base 13, what is -1566 + -27388?
-28921
In base 4, what is 11203 + 300030021?
300101230
In base 2, what is -11101 - -1111101001110011110010?
1111101001110011010101
In base 11, what is -7 + 12a31560?
12a31554
In base 2, what is -11110011110110 - 110010011?
-11111010001001
In base 10, what is -10077978 + -62?
-10078040
In base 2, what is -11011100000111011010 + -101100?
-11011100001000000110
In base 10, what is -71341 + 328?
-71013
In base 13, what is -ca6064a - 5?
-ca60652
In base 13, what is -476892 + -22?
-4768b4
In base 14, what is -2 + -1c4ca6?
-1c4ca8
In base 9, what is 205 - 575330?
-575124
In base 7, what is 36354 + 16026?
55413
In base 14, what is 37556 - 7?
3754d
In base 5, what is -431 + -423401?
-424332
In base 6, what is 2